
258
What is the remainder when 1533 is divided by 379?
17
Calculate the remainder when 50733 is divided by 16.
13
What is the remainder when 6419567 is divided by 106?
101
What is the remainder when 8087 is divided by 1987?
139
What is the remainder when 63112 is divided by 60?
52
What is the remainder when 10025 is divided by 5000?
25
Calculate the remainder when 3217 is divided by 515.
127
Calculate the remainder when 58799 is divided by 588.
587
Calculate the remainder when 2788360 is divided by 1597.
1595
Calculate the remainder when 8066 is divided by 3999.
68
Calculate the remainder when 18930 is divided by 18926.
4
What is the remainder when 2907 is divided by 238?
51
Calculate the remainder when 339384 is divided by 244.
224
Calculate the remainder when 1039 is divided by 132.
115
What is the remainder when 1705 is divided by 20?
5
What is the remainder when 40759 is divided by 8?
7
What is the remainder when 96086 is divided by 2826?
2
Calculate the remainder when 116030 is divided by 299.
18
Calculate the remainder when 19255 is divided by 687.
19
Calculate the remainder when 2187653 is divided by 1063.
1062
Calculate the remainder when 1289086 is divided by 96.
94
What is the remainder when 71938 is divided by 243?
10
What is the remainder when 759177 is divided by 211?
210
What is the remainder when 2103 is divided by 378?
213
Calculate the remainder when 6995 is divided by 1391.
40
What is the remainder when 3836 is divided by 78?
14
Calculate the remainder when 31311 is divided by 3479.
0
Calculate the remainder when 4250343 is divided by 151.
146
Calculate the remainder when 10454 is divided by 177.
11
What is the remainder when 32978 is divided by 62?
56
Calculate the remainder when 14919 is divided by 7452.
15
What is the remainder when 10450 is divided by 654?
640
What is the remainder when 1988 is divided by 993?
2
Calculate the remainder when 626 is divided by 51.
14
Calculate the remainder when 3249 is divided by 85.
19
Calculate the remainder when 2040 is divided by 144.
24
Calculate the remainder when 2642 is divided by 1054.
534
What is the remainder when 3864 is divided by 1238?
150
Calculate the remainder when 1975 is divided by 655.
10
Calculate the remainder when 59083 is divided by 441.
430
Calculate the remainder when 49275 is divided by 592.
139
What is the remainder when 157276 is divided by 1367?
71
What is the remainder when 1048 is divided by 109?
67
Calculate the remainder when 1838 is divided by 896.
46
Calculate the remainder when 93501 is divided by 477.
9
What is the remainder when 3264 is divided by 192?
0
Calculate the remainder when 1993 is divided by 1754.
239
What is the remainder when 8227 is divided by 20?
7
Calculate the remainder when 1384595 is divided by 17.
13
Calculate the remainder when 66247 is divided by 1185.
1072
What is the remainder when 11230316 is divided by 11?
9
What is the remainder when 24076 is divided by 830?
6
What is the remainder when 153510 is divided by 124?
122
Calculate the remainder when 15597 is divided by 55.
32
What is the remainder when 11071 is divided by 445?
391
Calculate the remainder when 519 is divided by 47.
2
Calculate the remainder when 5564 is divided by 5559.
5
Calculate the remainder when 185097 is divided by 100.
97
Calculate the remainder when 985730 is divided by 86.
84
Calculate the remainder when 3219801 is divided by 36.
33
What is the remainder when 61223 is divided by 130?
123
Calculate the remainder when 14783 is divided by 79.
10
Calculate the remainder when 934 is divided by 295.
49
What is the remainder when 17340 is divided by 30?
0
What is the remainder when 17282 is divided by 17236?
46
What is the remainder when 4182237 is divided by 30?
27
What is the remainder when 34286 is divided by 151?
9
Calculate the remainder when 111897 is divided by 416.
409
Calculate the remainder when 41075 is divided by 13668.
71
Calculate the remainder when 7675 is divided by 5723.
1952
What is the remainder when 72511 is divided by 259?
250
Calculate the remainder when 14934 is divided by 32.
22
What is the remainder when 127730 is divided by 42570?
20
Calculate the remainder when 316029 is divided by 715.
714
Calculate the remainder when 30318 is divided by 842.
6
What is the remainder when 7493 is divided by 2468?
89
What is the remainder when 751 is divided by 245?
16
Calculate the remainder when 874349 is divided by 13.
8
Calculate the remainder when 875 is divided by 238.
161
What is the remainder when 76687 is divided by 31?
24
What is the remainder when 96859 is divided by 34?
27
Calculate the remainder when 2639 is divided by 540.
479
Calculate the remainder when 12324 is divided by 242.
224
What is the remainder when 8098 is divided by 32?
2
Calculate the remainder when 5884 is divided by 308.
32
Calculate the remainder when 493735 is divided by 212.
199
Calculate the remainder when 39604 is divided by 9.
4
Calculate the remainder when 6984 is divided by 1939.
1167
What is the remainder when 188500 is divided by 106?
32
What is the remainder when 9213 is divided by 36?
33
Calculate the remainder when 131647 is divided by 1431.
1426
Calculate the remainder when 20240 is divided by 31.
28
Calculate the remainder when 925346 is divided by 281.
13
What is the remainder when 29608 is divided by 361?
6
What is the remainder when 96594 is divided by 217?
29
What is the remainder when 4017 is divided by 581?
531
What is the remainder when 26667 is divided by 27?
18
Calculate the remainder when 1251936 is divided by 7776.
0
What is the remainder when 1291 is divided by 403?
82
Calculate the remainder when 22824 is divided by 11411.
2
What is the remainder when 531 is divided by 269?
262
Calculate the remainder when 29215 is divided by 8.
7
Calculate the remainder when 135346 is divided by 56.
50
Calculate the remainder when 71021 is divided by 23649.
74
Calculate the remainder when 4494 is divided by 4266.
228
Calculate the remainder when 221962 is divided by 159.
157
What is the remainder when 3758299 is divided by 65?
64
What is the remainder when 117049 is divided by 58517?
15
Calculate the remainder when 176054 is divided by 62.
36
Calculate the remainder when 78206 is divided by 290.
196
Calculate the remainder when 15600 is divided by 6966.
1668
Calculate the remainder when 179730 is divided by 191.
190
What is the remainder when 1037 is divided by 665?
372
Calculate the remainder when 12713 is divided by 8.
1
What is the remainder when 1392178 is divided by 23?
11
Calculate the remainder when 1336 is divided by 272.
248
Calculate the remainder when 613 is divided by 128.
101
What is the remainder when 73695 is divided by 20?
15
Calculate the remainder when 4958 is divided by 2475.
8
What is the remainder when 9463 is divided by 2270?
383
What is the remainder when 4227 is divided by 1717?
793
Calculate the remainder when 2038 is divided by 6.
4
Calculate the remainder when 7058 is divided by 475.
408
Calculate the remainder when 809548 is divided by 194.
180
Calculate the remainder when 4786 is divided by 125.
36
Calculate the remainder when 29913 is divided by 113.
81
Calculate the remainder when 1988 is divided by 72.
44
Calculate the remainder when 2448 is divided by 294.
96
What is the remainder when 150371 is divided by 2685?
11
What is the remainder when 34332 is divided by 44?
12
Calculate the remainder when 6240 is divided by 250.
240
Calculate the remainder when 221681 is divided by 24.
17
What is the remainder when 4603 is divided by 1437?
292
What is the remainder when 176276 is divided by 974?
956
What is the remainder when 758 is divided by 77?
65
Calculate the remainder when 1826 is divided by 161.
55
Calculate the remainder when 23531 is divided by 271.
225
What is the remainder when 1960 is divided by 241?
32
Calculate the remainder when 152524 is divided by 30473.
159
What is the remainder when 208 is divided by 93?
22
Calculate the remainder when 26971 is divided by 37.
35
Calculate the remainder when 2457 is divided by 382.
165
Calculate the remainder when 4963 is divided by 57.
4
Calculate the remainder when 2096 is divided by 32.
16
What is the remainder when 580 is divided by 562?
18
What is the remainder when 3162 is div